= -8*c - c**2 + 14 + 2*c**2 - 8. Calculate q(5).
-9
Let q(z) = -4*z**3 + 5*z**2 - 5. Let j(x) = -3*x**3 + 4*x**2 - 4. Let p(w) = 3*j(w) - 2*q(w). Calculate p(3).
-11
Let d be 11 + -13 - (-3)/(-1 + 2). Let n(g) = g**3 - g**2 + 1. What is n(d)?
1
Let n(z) = -4*z - 1. Let o = -5 + 7. Suppose -2*q + 10 = 3*c + c, 4*c + 2 = o*q. Determine n(c).
-5
Let j be 12/(-21) - 12/(-21). Let k(v) = -v**3 + v**2 + v. Determine k(j).
0
Let t(w) = -w**3 + 6*w**2 - w + 2. Let x(o) = -2*o - 4. Let p be x(-5). What is t(p)?
-4
Suppose 3*x - 2 = 4*a + 5*x, -2*x = 6. Let h(l) = -18*l + 1. Give h(a).
-17
Let j(b) = -b**3 + b - 13. Let l be (-1 - -1) + (4 - 4). Calculate j(l).
-13
Suppose 0 = -4*z + 3 - 7. Let y(l) = -2*l**2. Calculate y(z).
-2
Let f(y) be the first derivative of 0*y**4 - 2*y + 1/6*y**3 - 1/20*y**5 - 1/2*y**2 + 2. Let s(j) be the first derivative of f(j). What is s(-2)?
5
Let j(w) = 4*w**2 - w**2 - w**2 + 2 - 3*w**2 - w. Let d = 2 + -5. Calculate j(d).
-4
Let a = 7 + -3. Suppose 7 = 3*f + 2*t - t, 0 = a*t - 4. Let u(b) = -b**3 + 3*b**2 - 2*b. Give u(f).
0
Let n(k) = k**2 + 6*k + 1. Let o be n(-7). Let z = 5 - o. Let f(v) = v**3 + 3*v**2 - 3. Calculate f(z).
-3
Suppose 3*u - 10 - 5 = 0. Let m = -1 + u. Let r(b) = 2 + 3*b**2 - 3*b**2 + b**2 - 6*b. Give r(m).
-6
Let i = 5 + -3. Let b(q) = -2*q**3 + 4*q**2 - 2*q. Calculate b(i).
-4
Let n(i) = i**2 + 6*i + 6. Suppose t + 2 + 5 = 0. Let x = t - -3. Give n(x).
-2
Suppose -4*v - 14 = -11*v. Let n(z) = -z**3 - 2*z**2 + 2. Let c be n(-2). Let u(r) = -4 - 1 + 2*r + r**2 + c. What is u(v)?
5
Let l(i) be the third derivative of i**5/60 + i**4/24 + 14*i**3/3 + 2*i**2 + 23*i. Give l(0).
28
Let q(g) = 17*g**3 - 7*g**2 - 9 - 7*g - 36*g**3 + 20*g**3. Let y be q(8). Let s(p) = -6*p**3. Give s(y).
6
Let d(n) = -n**3 - 6*n**2 + n + 5. Let s be -26*((-9)/(-6) + -2). Suppose -v + 5*y - 7 = 0, 5*v + 4 - s = 3*y. Let r be (-16)/v + 4/(-6). Give d(r).
-1
Let f(t) be the third derivative of t**7/2520 - t**6/240 + t**5/30 - 5*t**4/24 - 10*t**2. Let h(p) be the second derivative of f(p). Let c = 3 - 0. Give h(c).
4
Let m(b) = b**2 + 7*b - 6. Let u = -22 + 22. Suppose u*i = 5*h + 5*i + 50, -3*h = 2*i + 27. Determine m(h).
-6
Let w(d) = d**3 + 10*d**2 + 3*d + 6. Let z(f) = -f**3 - 11*f**2 - 3*f - 6. Let h(b) = 6*w(b) + 5*z(b). Give h(-5).
-9
Let x(q) be the third derivative of q**4/12 + 4*q**2. Let a be x(0). Let m(s) = -s**3 - s**2 + 1. Determine m(a).
1
Suppose -7*b + 4*b = -6. Let h(j) = -4*j + 3. Give h(b).
-5
Let z(i) be the second derivative of 1/60*i**5 + 1/3*i**3 + 0*i**4 + 0 + i + 0*i**2. Let c(t) be the second derivative of z(t). What is c(1)?
2
Let u(h) = -3*h - 1. Suppose 66*d - 63*d = -3. Determine u(d).
2
Suppose 5 = 2*u - u. Let q(l) = l + 1. Give q(u).
6
Let j(r) be the first derivative of r**4/4 + 5*r**3/3 + r**2 - 3*r + 1. Suppose -25 = 5*h, 4*w + 0 = 4*h + 8. Give j(w).
9
Suppose 29 = 4*a + 3*k + 7, 3*k + 6 = 0. Let q(b) = b**2 - 6*b - 3. Let y be q(a). Let n(v) = -3*v + 0*v + y - 11. Determine n(-5).
8
Let v(i) = i - 2*i**3 + 3*i**3 + 4*i**2 - 1 + 2. Let s(a) = a**2 + 11*a - 1. Let y be s(-12). Suppose -o - y = -8. What is v(o)?
7
Suppose -2*w = 8 - 22. Let x(b) = 2*b**2 + 4*b + 3. Let z(n) = -5*n**2 - 13*n - 9. Let y(u) = -8*x(u) - 3*z(u). Determine y(w).
3
Let j(r) = 8*r**3 - 3*r**2 - 4. Let v(h) be the third derivative of -17*h**6/120 + 7*h**5/60 + 3*h**3/2 - 2*h**2. Let s(l) = -7*j(l) - 3*v(l). Calculate s(1).
-4
Let n(i) = 2*i + 5. Let q be ((-1)/(-3))/((-1)/(-9)). Suppose -q*z + z = -6. Suppose -12 = 3*t + z. Determine n(t).
-5
Suppose -j + 10 = 3*a - 2*a, 3*j + 18 = 5*a. Suppose 0 = x - a*x + 30. Let u(z) = -z**3 + 7*z**2 - 6*z - 6. Give u(x).
-6
Let p(k) be the first derivative of 11*k**4/4 - 2*k**3/3 + k + 56. Give p(-1).
-12
Let f(v) be the second derivative of -v + 0 - 3/2*v**2 + 7/24*v**4 - 1/6*v**3. Let r(b) be the first derivative of f(b). Determine r(-1).
-8
Let k(w) be the third derivative of w**5/60 - w**4/8 - w**3/2 - 4*w**2. What is k(4)?
1
Let h = -7 - -5. Let m be (-1)/h - 6/(-4). Suppose -m*t + 3 - 4 = -s, -2*t - 7 = -3*s. Let a(n) = -n**3 + 3*n**2 - 2*n - 3. Give a(s).
-9
Let q be (-1 + (-10)/(-6))*18. Suppose q = -2*v - v. Let i(a) = a**2 + 6*a + 3. Calculate i(v).
-5
Let n(g) = 2 - 4*g + 2*g**2 - 3*g**2 + 5*g. What is n(0)?
2
Let f = -2 + 4. Let u(o) = -o**3 + 4*o**2 + 0*o**2 - 3*o - 2 - o**f. Suppose -5*i + 20 = k, 4*i - 2*k - 5 = -3. Calculate u(i).
-11
Let b(j) = 11*j**2 + 9*j - 50*j**3 + 98*j**3 - 11 - 47*j**3. What is b(-10)?
-1
Let y be (-16)/(-4)*(-6)/(-8). Let s = y + -8. Let g(w) = w. Calculate g(s).
-5
Let r(f) = -7*f - 7. Let n(w) be the first derivative of -11*w**2/2 - 11*w + 1. Let j(h) = 5*n(h) - 8*r(h). Give j(-6).
-5
Let f(x) = x**3 - 7*x**2 - x + 9. Let l be f(7). Let c be 2/(-4)*(0 - l). Let m(w) = -4 - 4*w**2 + 4*w - 2*w**3 + w**3 - c. Calculate m(-5).
0
Suppose 0 = -3*b - 2*b. Let g be 0 + -2 + 3 - b. Let y(s) = 8*s**2 + s - 1. What is y(g)?
8
Let q(g) = g**2 + g - 1. Let a be q(-3). Suppose 2*p + 0*i - 2 = -a*i, 2*p - 2 = 5*i. Let v(k) = -9*k**3 + 2*k**2 - 1. Determine v(p).
-8
Let o be (-2)/(((-24)/(-10))/(-6)). Let x(y) = 8*y**2 + o*y**3 - 4*y**3 - 2*y - 5*y**2. Calculate x(-3).
6
Let x(y) be the first derivative of -y**4/4 - y**3/3 + 2*y + 1. Let t = 14 - 14. Give x(t).
2
Suppose q = 3*v - 4 - 3, -v + 1 = 0. Let j(w) = -4 + 6*w**2 + 1 - 4*w**2 + 15*w. Let o(m) = -m**2 - 8*m + 2. Let r(k) = 4*j(k) + 7*o(k). What is r(q)?
2
Let d(p) = 4*p**2 - p - 6. Let o(r) = 11*r**2 - 4*r - 18. Let w(i) = 8*d(i) - 3*o(i). Determine w(6).
-6
Let n(d) = 4*d**2 + 8*d - 4. Let p(l) = 7*l**2 + 15*l - 9. Let u(k) = -5*n(k) + 3*p(k). Suppose 0 = -2*t - 2, 5*c + 32 = -0*t - 2*t. Determine u(c).
-1
Let i(k) = k**2 - 6*k - 4. Let b be i(7). Suppose -b*s + 1 = -5. Let d(a) = a**s + 0*a + a**2 + 2*a - 1. Give d(1).
3
Let j(o) = -2*o + 1. Suppose 0 = 2*u - 4*u + 40. Suppose 6*x - 7*x + u = 0. Suppose 13 + 3 = -4*i, -4*h = -3*i - x. What is j(h)?
-3
Let b(y) = 9*y**2 + 21. Suppose 1 = i - 2. Let h(k) = k**2 + i*k**2 + 11 + k**2. Let w(p) = 4*b(p) - 7*h(p). Calculate w(0).
7
Let a(r) be the first derivative of -r**4/4 + 2*r**3 + r**2/2 + 3*r - 2. Suppose k + d - 6 = -4, 5*d + 2 = -3*k. Calculate a(k).
9
Let p(l) be the second derivative of l**7/2520 + 7*l**6/720 + l**5/40 - l**4/12 - 9*l. Let g(b) be the third derivative of p(b). Determine g(-5).
-7
Let a(v) = v**3 + 7*v**2 - 7*v + 4. Let j be 273/(-42) + (-6)/4. Calculate a(j).
-4
Suppose -29 = 5*b - d - d, -d + 12 = -2*b. Let i be (b/(-2))/(4/(-8)). Let g(f) = -f**2 - 4*f + 2. What is g(i)?
-3
Suppose -32 = -5*d + d. Suppose -d = -5*j + 7. Let z = j - 4. Let s(y) = 7*y. What is s(z)?
-7
Let b(j) be the first derivative of 2*j**2 - 1/4*j**4 - 3*j - 2 - j**3. Calculate b(-4).
-3
Let g(v) = -2*v - 3*v + 3 + 0 + 7*v. Calculate g(4).
11
Let g(l) = -l**3 + 3*l**2 - 4*l + 3. Let a(j) = -j**3 + 16*j**2 + 4. Let d be a(16). Let i(z) = z - 1. Let w be i(d). What is g(w)?
-9
Let y(p) = -p**2 - 8*p - 5. Suppose 4*z + 16 = -4*a, 0 = 2*a - a - 3*z + 16. What is y(a)?
2
Let y = -6 - -10. Suppose -31 = 2*d - 4*m - m, -y*d = -5*m + 37. Let f be d/(0/3 - -1). Let h(k) = -k - 1. Calculate h(f).
2
Let w(n) = -5 - 54*n + n**2 + 25*n + 28*n. Let z(r) = r**2 + 4*r + 4. Let h be z(-4). Suppose -2*f + o = -3, f - h*o = -4*f + 12. What is w(f)?
-5
Let i(f) = -f**3 - 4*f**2 + 6*f + 2. Let z = -7 - -7. Suppose -5*l + 0*l - 25 = z. What is i(l)?
-3
Let n(k) = k**2 - 4*k + 5. Let d = -4 - -8. Determine n(d).
5
Let h be (-4)/(-3)*(-6)/(-4). Let r be (h/6)/((-6)/(-36)). Let p(l) = -3*l - l**2 - 4*l + 8 + r*l**2 - 6. What is p(6)?
-4
Let k(q) = q - 2. Let g(t) = -t + 4. Let p be g(5). Let n = p + 1. Suppose -6*o + 3*o = n. Give k(o).
-2
Let d be -2 - 1 - (0 - 0). Suppose 0*k - 1 = k. Let g = d + k. Let b(r) = -r**2 - 5*r - 4. Give b(g).
0
Suppose -2*b - b = -12. Let l be (-1)/b + (-3)/4. Let s be (l/3)/((-3)/27). Let q(m) = m**2 - m - 4. Determine q(s).
2
Let a(u) be the first derivative of -u**3/3 - 5*u**2/2 + 1. Let k(b) = 2 - 2*b + b + 4*b - b. Let t be k(-3). Give a(t).
4
Let j(w) = w**2 - 5*w + 2. Let f = 9 - 10. Let g be (-3)/((-3)/(f + 4)). What is j(g)?
-4
Let k(r) = -r**3 + 6*r**2 - 6*r + 4. Let c = -71 - -76. Determine k(c).
-1
Let s(f) = -f**2 + 2*f - 2. Let k